h(x). What is o(-1)?
-32
Let g(k) = 13*k + 299. Let v be g(-23). Let y(a) = 3*a - 34. Calculate y(v).
-34
Suppose -15*t + 108 = -138 + 66. Let q(c) = -c**3 + 12*c**2 + 5*c - 62. What is q(t)?
-2
Let h(m) = -3*m**2 - m + 1. Let u(a) = 4*a**2 - 12*a + 7. Let l(z) = -2*h(z) - u(z). What is l(-7)?
-9
Let y(w) = w + 17. Let i(k) = 2*k + 26. Let n(h) = 5*i(h) - 7*y(h). Let m(c) = c**2 + 27*c - 66. Let p be m(2). Give n(p).
-13
Let o(c) = 27*c + 23. Let r(u) = -u - 4. Let w(a) = o(a) + 8*r(a). Give w(-1).
-28
Let f(m) = -m + 44. Let n(w) = -20. Let s(q) = -2*f(q) - 5*n(q). Give s(11).
34
Let o(k) = -k**3 - 23*k**2 - 22*k + 4. Let w(m) = 2*m**3 - 15*m**2 + 21*m + 6. Let z be w(4). Calculate o(z).
4
Let q(b) = 5*b - 11. Let p be q(5). Let n(h) = 12 - 22 + h**2 - 5*h + p. Let s(o) = -o. Let w be s(-4). Calculate n(w).
0
Let c(d) = -9*d + 17. Let z(n) = 5*n - 11. Let j(p) = 5*c(p) + 8*z(p). Let x(i) = -i**2 - 4*i + 3. Let v be x(-4). Give j(v).
-18
Let k(w) = w**2 + w. Let g(p) be the first derivative of p**4/4 + 5*p**3/3 + 3*p**2 + 5*p + 1. Let m be g(-2). Suppose -2*a - m = 1, -j + 7 = -3*a. Give k(j).
2
Suppose 3*y + 17 + 13 = 0. Let b(s) = 48*s + 5. Let i(t) = -t**2 - 9*t - 8. Let n be i(-7). Let p(v) = 17*v + 2. Let o(f) = n*b(f) - 17*p(f). Calculate o(y).
6
Suppose -j = x - 8, -2*x - 24 = -5*x + 5*j. Let p(u) = -x*u - 7 + u**2 + 14 - 18. Determine p(9).
-2
Let j be (-35340)/(-2280) + (1/5)/(4/10). Let m(d) = 7*d - 120. Determine m(j).
-8
Let g = 277 - 312. Let c be -1*(-7)/g*-20. Let w(u) = u - 9. Give w(c).
-5
Let b(n) = 2*n**2 - 9*n - 2. Let a(h) = 9*h**2 - 22*h - 15. Let w(r) = -a(r) + 4*b(r). Give w(-14).
7
Let u(h) = 2*h - 85. Suppose 0 = 2*w - 329*r + 324*r - 74, -3*r = -w + 36. Give u(w).
-1
Let n(u) = 3*u**2 - 1. Let d be 13 + -4 + 3 + -1 + -1. Suppose -4*a = 3*s + d, 0 = 3*a + 5*s + 11 + 2. Give n(a).
2
Let d = -15231 - -15243. Let j(f) = f**2 - 6*f - 74. Calculate j(d).
-2
Let v(b) be the first derivative of -2*b**3 - 9*b - 2800. Calculate v(3).
-63
Let f = -4088 - -4106. Let u(h) = -h**3 + 18*h**2 + h - 34. Determine u(f).
-16
Let y(b) = b**3 + 7*b**2 - 4*b - 16. Let n = -1825 + 1818. Calculate y(n).
12
Let w(v) = -14*v - 9*v - 2*v**2 - 1 + 42*v**3 + 37*v - 17*v. Determine w(-1).
-42
Let n(h) = -9*h + 3*h + 291 + 9*h - 296. Suppose 5*x = -4*l + 30, 0*l - 23 = x - 5*l. Determine n(x).
1
Suppose 2*p + 4*n = -10, 9*p + 5*n = -43 - 67. Let b(i) = -i**3 - 14*i**2 + 19*i + 12. Calculate b(p).
-48
Let w be (0 + 3)*((-630)/(-54))/7. Let f(t) be the second derivative of -t**4/12 + 5*t**3/6 - 3*t**2 + 6*t. What is f(w)?
-6
Let v be 0 - 3 - (0 + 0). Let i(k) = -5*k**2 - k + 2. Let t(q) = -34*q**2 - 10*q + 17. Let d(h) = -7*i(h) + t(h). Give d(v).
21
Let i be ((-4)/8*2)/((-4)/(7 + 5)). Let q(l) be the first derivative of -13 - 1/4*l**4 - 1/3*l**i + l - l**2. Determine q(-2).
9
Let g(b) = b**2 - 8*b - 62. Let i be g(11). Let w(o) = -o - 26. Let s be w(i). Let j(r) = r - 2. What is j(s)?
1
Let c(g) = -10*g - 3. Let m(f) = -2*f**3 - 8*f**2 + 6*f - 22. Let i be m(-5). What is c(i)?
17
Let s(x) = -x**3 + 3*x**2 - 4*x + 2. Let a be s(2). Let l be (-22)/(-4) - (-3)/(-6). Let q(r) = -l*r - 6 + 6. Determine q(a).
10
Let n(i) = 2*i**3 - 25*i**2 + 18*i + 8. Let o(w) = -2*w - 2. Let y(g) = n(g) + o(g). What is y(12)?
54
Let m(j) = -j**2 + 18*j - 49. Let d be m(11). Let k(a) = -4 + 66*a + a**2 + 3 - 37*a - d*a. Let n be (-7)/3 + (-2)/(-6). Give k(n).
1
Suppose -o + 8 = 18. Let j be o/2 + 16/4. Let y be j*0/(2 + -3 + 4). Let b(w) = w - 1. Calculate b(y).
-1
Let i(t) = -2*t**3 - 3*t**2 - 2*t - 3. Let b = -264 - -272. Let n be ((-52)/b + 5)/((-9)/(-12)). Determine i(n).
5
Let c = -45 - -43. Let k be c/((-8)/60*3). Let x(p) = -10*p - 6*p**2 + k*p - p**3 - 1 - 1 + 4*p. Calculate x(-6).
4
Let y(o) = -o**2 - 1. Let t(v) = v**3 + 7*v**2 - 15*v - 3. Let u(j) = t(j) - y(j). Suppose 2*d - 4*m - 8 = 0, -110*m - 38 = d - 106*m. What is u(d)?
-52
Let y(u) = u**3 - 2*u**2 - 4*u + 4. Suppose 7*w - 47 = -33. Suppose 3*i + 3*b = 15, -w*i - 2*b = 2*i - 16. Suppose i*h - 14 + 5 = 0. Calculate y(h).
1
Suppose 0 = -5*f - r - 304, 6*f - 7*f - 65 = -4*r. Let x = -59 - f. Let u(y) = -21*y**2 - 18 + 20*y**x + 2 + y. Determine u(0).
-16
Let t(f) = f - 6. Let r(x) = -2*x + 13. Let d(o) = -2*r(o) - 5*t(o). Let q = 8 + -2. Let v be 1/q + (-148)/24. Give d(v).
10
Let h(y) = -5*y - 2. Suppose -4*f - 28 = q, 4*q + 3*f + 27 = 3*q. Let t = -2534 + 2556. Let d = q + t. Give h(d).
8
Let n(r) = -246*r + 476*r - 241*r - 65. Determine n(-7).
12
Let u(y) = 4*y - 68 - 59 + 4*y**2 - 2*y + 125 - 16*y**3 - 5*y**2. What is u(1)?
-17
Suppose 94*n = 95*n - 5*v - 8, -3*n + 4*v + 24 = 0. Let y(k) = k**2 - 2*k - 51. What is y(n)?
-3
Let i(q) = 3*q - 6. Let a(h) be the second derivative of -5*h**3/6 + 2*h**2 - 2*h. Let g(j) = 3*a(j) + 4*i(j). What is g(0)?
-12
Suppose 2*t - 3*x = 4*t - 10, -3*x + 20 = 4*t. Let i(j) = -j**2 + 4*j - 4. Give i(t).
-9
Suppose -f = 1056*t - 1058*t, t - 5*f - 18 = 0. Let w(p) = 3*p**2 + 32*p + 49. Give w(t).
-3
Let k be 33*2*21/14. Let d(y) = -30*y - 38*y - 36*y + k*y. Determine d(-2).
10
Let w(f) = -f**2 - f + 3. Let k(s) = 2*s**2 - 22*s - 57. Let u be k(14). Let o = -29 + u. Determine w(o).
1
Let i(k) = 7*k + 15. Let r be i(-3). Let v(u) = -18*u**2 + u**3 - 15 + 26*u**2 - 15 + 25 + 6*u. Give v(r).
31
Suppose -2*f - 1 = 5*l, 37*f - 5*l + 31 = 35*f. Let g = -2 - -7. Let b(r) = -g + 0*r - 2*r + 0 + 1. What is b(f)?
12
Let z(h) = -5*h**3 + h - 1. Let w be (1 - (-10)/2) + 794 + -24. Let s = w - 775. What is z(s)?
-5
Let x(j) = j**3 + 5*j**2 - j - 6. Let n = 18 - 23. Let t(o) = -o**3 - 8*o**2 - 4*o + 27. Let b be t(-7). Let k be (20/b)/(n/(-30)*-4). Give x(k).
-1
Let h(k) = -k**2 - 6*k - 7. Let q be h(-3). Let o(g) = g + 2 + q - 3 - 5. Let l = -3405 - -3409. What is o(l)?
0
Let v(h) = -h**3 - 13*h**2 - 11*h + 18. Suppose 0 = 43*f - 108 - 107. Suppose -3*x = 15, -49 = 2*y + f*x - 0*x. Give v(y).
6
Let p(h) = -31*h**3 - 184*h**2 - 472*h + 11. Let f(u) = 13*u**3 + 73*u**2 + 189*u - 5. Let b(t) = -12*f(t) - 5*p(t). Give b(46).
5
Let s(a) be the first derivative of -a**3/3 - 13*a**2/2 + 31*a + 881. Give s(-18).
-59
Let g(x) = 580*x + 6373. Let k be g(-11). Let o(i) = -14*i - 88. Determine o(k).
10
Let n(j) = -32*j - 4. Let p be ((-15)/(-6))/(10/(-12)). Calculate n(p).
92
Let c(q) = -q**2 + q + 7. Let u = -88 - -92. Suppose j = -4, -u*n - 20 = -6*n + 5*j. What is c(n)?
7
Let p(j) = -4*j**2 + 8*j - 11. Let f(v) = 1540*v - 4617. Let c be f(3). Calculate p(c).
-23
Let t(v) = -7*v**2 - 2*v + 10. Suppose 5*m = g - 11 - 20, -g + 3*m + 21 = 0. Let r(i) = 6*i**2 - 11. Let j(a) = g*r(a) + 5*t(a). Determine j(11).
-5
Suppose 109*g + 77*g = 2604. Let h(j) = -3 + 7*j**2 + 8 - 6*j**2 - 14*j. Give h(g).
5
Let g(f) = 18028 - 18027 - f**2 + 2*f - f + f. What is g(-3)?
-14
Suppose 17*g - 1946 + 1980 = 0. Let r(n) = n**2 + n + 1. Determine r(g).
3
Let x(g) be the second derivative of -g**3/3 - 7*g**2/2 - 57032*g. Suppose v - 4 = -0. Let l(u) = -u**2 + 4*u - 6. Let q be l(v). Give x(q).
5
Suppose -44*b + 146*b - 510 = 0. Let t(s) = s**3. Let f(v) = 5*v**3 + 5*v**2 + 5. Let m(g) = f(g) - 6*t(g). Calculate m(b).
5
Let v(x) = 4*x - 15*x + 7*x - x**3 + 6*x - 3 + 2*x**3 + 5*x**2. Give v(-5).
-13
Let u(p) = -p + 10 - 46 + 2*p + 46 + 23. What is u(-14)?
19
Let l(x) = -12*x + 84. Let s be 7755/990 - (-10)/(-12). Give l(s).
0
Suppose 3*i - 2 = 122*y - 118*y, -22 = -5*i + 4*y. Let m(x) = x - 21. Calculate m(i).
-11
Suppose -4*b - 5*g - 3 = 6, 5*b + 3*g - 5 = 0. Suppose b*l = 4*t + 2 + 22, 3*l = 4*t + 24. Let y(q) = q**2 + 5*q - 5. Calculate y(t).
1
Let h be ((-12)/3)/((40/15)/(-2)). Let s be -5 + (-2 - (-1 - (1 + h))). Let j(b) = -3 + 3 + 1 - b**2. What is j(s)?
-3
Let s(u) = -u**3 + 6*u**2 - 5*u. Let q(o) = 73*o - 1893. Let k be q(26). Calculate s(k).
0
Let k be -1 + 0 + 5 - -368. Let p(t) = -370*t + 5*t**2 - k*t + t**3 + 736*t. What is p(-6)?
0
Let t(a) = 117*a + 156. Let u(h) = -378*h - 472. Let b(j) = 16*t(j) + 5*u(j). Calculate b(9).
-26
Let k(c) = -144*c - 1338. Let h(p) = 71*p + 727. Let v(t) = -9*h(t) - 5*k(t). Determine v(-2).
-15
Let d(r) be the third derivative of -r**5/30 - r**4/12 - r**3/6 - 2048*r**2. Calculate d(3).
-25
Let b(o) = -123*o + 8. Let c be b(-2). Let f = c + -252. Let q(k) = 7*k**2 - k + 2. W